 digit of 31168023?
1
What is the tens digit of 233687155?
5
What is the ten millions digit of 619423729?
1
What is the hundreds digit of 428668684?
6
What is the hundred thousands digit of 712232144?
2
What is the hundreds digit of 86257864?
8
What is the hundred thousands digit of 50713649?
7
What is the hundred millions digit of 6729718623?
7
What is the hundred thousands digit of 4803333511?
3
What is the billions digit of 2359503817?
2
What is the ten millions digit of 49417604?
4
What is the hundreds digit of 17060544?
5
What is the hundred thousands digit of 402763151?
7
What is the tens digit of 3747405436?
3
What is the ten millions digit of 646751263?
4
What is the millions digit of 74013761?
4
What is the millions digit of 81767908?
1
What is the hundreds digit of 235392146?
1
What is the ten thousands digit of 1315128017?
2
What is the thousands digit of 13241503?
1
What is the ten millions digit of 925036908?
2
What is the tens digit of 3655855356?
5
What is the tens digit of 36764023?
2
What is the ten thousands digit of 2810989699?
8
What is the tens digit of 270760376?
7
What is the ten thousands digit of 87539495?
3
What is the hundred millions digit of 144818334?
1
What is the millions digit of 68923594?
8
What is the hundreds digit of 559511343?
3
What is the ten thousands digit of 136565240?
6
What is the units digit of 354136173?
3
What is the millions digit of 767761838?
7
What is the hundred thousands digit of 52181102?
1
What is the millions digit of 55716409?
5
What is the millions digit of 1633010885?
3
What is the hundreds digit of 19825491?
4
What is the tens digit of 12639715?
1
What is the hundred thousands digit of 6739141?
7
What is the ten millions digit of 71070136?
7
What is the tens digit of 136803397?
9
What is the hundred millions digit of 187966822?
1
What is the millions digit of 651098288?
1
What is the billions digit of 1890357105?
1
What is the units digit of 533088816?
6
What is the hundreds digit of 115610330?
3
What is the hundred millions digit of 2818919920?
8
What is the tens digit of 14847170?
7
What is the millions digit of 6710248662?
0
What is the thousands digit of 452482079?
2
What is the hundred thousands digit of 1473867213?
8
What is the hundred thousands digit of 2903554704?
5
What is the hundreds digit of 8916904050?
0
What is the units digit of 254788155?
5
What is the hundreds digit of 472126420?
4
What is the hundreds digit of 222985058?
0
What is the millions digit of 63402806?
3
What is the millions digit of 1328293207?
8
What is the hundred millions digit of 1958981279?
9
What is the hundreds digit of 4980811109?
1
What is the units digit of 810152175?
5
What is the ten thousands digit of 257421905?
2
What is the ten millions digit of 42069264?
4
What is the thousands digit of 43466689?
6
What is the tens digit of 1116696374?
7
What is the hundred thousands digit of 35035838?
0
What is the millions digit of 449218945?
9
What is the thousands digit of 16828056?
8
What is the ten millions digit of 1226545994?
2
What is the hundred millions digit of 381217684?
3
What is the tens digit of 217999998?
9
What is the units digit of 51073563?
3
What is the tens digit of 3607362499?
9
What is the hundred thousands digit of 359387983?
3
What is the hundreds digit of 14367711?
7
What is the hundred thousands digit of 5291485299?
4
What is the tens digit of 31701111?
1
What is the tens digit of 4897659000?
0
What is the thousands digit of 960694326?
4
What is the tens digit of 224064583?
8
What is the hundred thousands digit of 820491345?
4
What is the hundreds digit of 2927637248?
2
What is the hundred thousands digit of 811586717?
5
What is the ten thousands digit of 74394962?
9
What is the ten millions digit of 598865291?
9
What is the thousands digit of 338557209?
7
What is the tens digit of 215019457?
5
What is the ten thousands digit of 955652764?
5
What is the ten thousands digit of 685616455?
1
What is the millions digit of 8949364?
8
What is the ten thousands digit of 20636658?
3
What is the millions digit of 194617022?
4
What is the units digit of 1041928298?
8
What is the ten millions digit of 12499479?
1
What is the hundred thousands digit of 2981313891?
3
What is the units digit of 321411051?
1
What is the ten thousands digit of 2614652869?
5
What is the ten thousands digit of 13311491?
1
What is the ten thousands digit of 68356430?
5
What is the thousands digit of 4807110941?
0
What is the hundreds digit of 1512993695?
6
What is the thousands digit of 913751688?
1
What is the tens digit of 17401262?
6
What is the ten millions digit of 178884931?
7
What is the ten millions digit of 60738032?
6
What is the hundred thousands digit of 206726002?
7
What is the millions digit of 13628454?
3
What is the millions digit of 322373601?
2
What is the millions digit of 149178166?
9
What is the thousands digit of 999953573?
3
What is the billions digit of 2183576063?
2
What is the thousands digit of 4812426999?
6
What is the units digit of 294845292?
2
What is the units digit of 397059715?
5
What is the hundred thousands digit of 225386013?
3
What is the tens digit of 2728465818?
1
What is the hundreds digit of 123847123?
1
What is the hundreds digit of 33432351?
3
What is the hundred thousands digit of 899172322?
1
What is the hundred thousands digit of 5879081514?
0
What is the ten thousands digit of 8343288320?
8
What is the thousands digit of 151843432?
3
What is the hundred thousands digit of 29317783?
3
What is the ten thousands digit of 605653075?
5
What is the ten millions digit of 122663946?
2
What is the billions digit of 6177163658?
6
What is the thousands digit of 35878830?
8
What is the ten millions digit of 190389350?
9
What is the ten millions digit of 91281450?
9
What is the ten thousands digit of 40617411?
1
What is the units digit of 62929557?
7
What is the ten thousands digit of 451767568?
6
What is the hundred millions digit of 629422009?
6
What is the thousands digit of 2642547568?
7
What is the thousands digit of 7689030?
9
What is the hundred millions digit of 1478406164?
4
What is the ten thousands digit of 461904609?
0
What is the ten thousands digit of 4580263?
8
What is the ten millions digit of 347457916?
4
What is the hundreds digit of 23086331?
3
What is the units digit of 526704722?
2
What is the thousands digit of 2647978564?
8
What is the hundred thousands digit of 315989192?
9
What is the hundred millions digit of 780148702?
7
What is the millions digit of 22692207?
2
What is the ten thousands digit of 37683362?
8
What is the hundreds digit of 1720602304?
3
What is the millions digit of 7883529?
7
What is the tens digit of 2580928728?
2
What is the millions digit of 328454781?
8
What is the tens digit of 1757742289?
8
What is the millions digit of 71236521?
1
What is the units digit of 370516293?
3
What is the hundreds digit of 2289649571?
5
What is the hundred thousands digit of 254479138?
4
What is the tens digit of 1449303280?
8
What is the hundred thousands digit of 37517510?
5
What is the hundreds digit of 662559171?
1
What is the ten millions digit of 18816441?
1
What is the ten thousands digit of 233640828?
4
What is the hundred thousands digit of 21494207?
4
What is the ten millions digit of 797108831?
9
What is the hundreds digit of 1681019915?
9
What is the hundred millions digit of 124573724?
1
What is the thousands digit of 33531679?
1
What is the tens digit of 1648790382?
8
What is the ten thousands digit of 3056707811?
0
What is the thousands digit of 4042819?
2
What is the ten millions digit of 41809402?
4
What is the ten millions digit of 1069356335?
6
What is the units digit of 14013392?
2
What is the tens digit of 70462658?
5
What is the hundreds digit of 30284088?
0
What is the millions digit of 178602281?
8
What is the millions digit of 3249465?
3
What is the ten millions digit of 46148118?
4
What is the hundred thousands digit of 5632506071?
5
What is the hundred thousands digit of 31121169?
1
What is the hundreds digit of 37218440?
4
What is the tens digit of 128993709?
0
What is the ten thousands digit of 326133278?
3
What is the ten millions digit of 1216310525?
1
What is the ten thousands digit of 19567787?
6
What is the hundred